common divisor of 378 and 692442?
54
Calculate the greatest common divisor of 2884 and 644.
28
Calculate the greatest common factor of 184657 and 11.
11
Calculate the greatest common divisor of 7776 and 1056.
96
Calculate the greatest common divisor of 113660 and 20.
20
What is the greatest common factor of 17472 and 2002?
182
Calculate the highest common divisor of 38220 and 1545.
15
Calculate the highest common divisor of 37011 and 4161.
219
What is the highest common divisor of 3443 and 28796?
313
Calculate the greatest common factor of 7975 and 24057.
11
Calculate the highest common factor of 821962 and 226.
226
What is the highest common divisor of 2173 and 6678?
53
Calculate the highest common divisor of 21038 and 2512.
314
Calculate the greatest common factor of 187 and 221.
17
What is the highest common factor of 6764046 and 366?
366
Calculate the greatest common divisor of 95886 and 477.
9
What is the highest common divisor of 11 and 2396999?
11
What is the greatest common divisor of 4 and 2977?
1
Calculate the greatest common divisor of 6604 and 11414.
26
What is the highest common divisor of 1730565 and 405?
405
What is the highest common factor of 68 and 90066?
34
Calculate the greatest common factor of 810504 and 72.
72
Calculate the greatest common divisor of 5819 and 1587.
529
Calculate the highest common divisor of 4536613 and 1279.
1279
Calculate the highest common factor of 38681 and 2867.
47
Calculate the highest common divisor of 20737 and 23.
1
Calculate the greatest common divisor of 153 and 57069.
153
Calculate the highest common factor of 1362 and 48.
6
What is the greatest common factor of 904 and 5650?
226
What is the greatest common factor of 9444 and 30?
6
What is the greatest common divisor of 115180 and 1040?
260
What is the greatest common factor of 225 and 101900?
25
What is the greatest common factor of 878400 and 75?
75
Calculate the highest common factor of 47400 and 13950.
150
Calculate the greatest common factor of 1462925 and 400.
25
What is the highest common divisor of 61620 and 193440?
780
Calculate the greatest common factor of 73685 and 10.
5
What is the highest common divisor of 1443 and 9213?
111
Calculate the highest common divisor of 1650 and 332310.
330
What is the greatest common divisor of 40511 and 68?
17
Calculate the highest common factor of 35920 and 2480.
80
Calculate the highest common divisor of 2520 and 29988.
252
Calculate the greatest common divisor of 17792 and 4736.
128
What is the highest common divisor of 28 and 1272852?
28
Calculate the highest common factor of 277 and 6549665.
277
Calculate the greatest common divisor of 34734 and 294.
42
What is the greatest common divisor of 1024 and 336?
16
What is the greatest common divisor of 42020 and 330?
110
What is the highest common factor of 496 and 432?
16
Calculate the highest common divisor of 1085 and 5495.
35
Calculate the greatest common factor of 107086 and 6.
2
Calculate the highest common divisor of 1028990 and 430.
430
What is the highest common factor of 103374 and 126?
18
Calculate the greatest common factor of 433329 and 273.
39
What is the greatest common factor of 155267 and 82?
41
What is the highest common factor of 5238 and 1035378?
1746
What is the greatest common divisor of 2462 and 193267?
1231
What is the highest common factor of 836 and 526?
2
Calculate the highest common factor of 153925 and 8695.
235
Calculate the highest common factor of 67885 and 20.
5
What is the greatest common factor of 1 and 1296?
1
Calculate the greatest common factor of 177219 and 378.
63
What is the highest common divisor of 109675 and 4100?
1025
What is the highest common divisor of 1137456 and 72?
72
What is the highest common divisor of 6425 and 6725?
25
What is the greatest common factor of 99 and 5357?
11
What is the highest common divisor of 88 and 853336?
88
Calculate the greatest common factor of 98 and 21532.
14
What is the highest common divisor of 6391947 and 1779?
1779
What is the greatest common divisor of 5775 and 443520?
1155
What is the highest common factor of 3 and 3129?
3
Calculate the greatest common factor of 663 and 18717.
51
Calculate the highest common divisor of 1595 and 73805.
145
What is the greatest common divisor of 30 and 14?
2
Calculate the highest common divisor of 2261 and 38152.
19
What is the highest common divisor of 7882722 and 261?
261
Calculate the highest common factor of 40536 and 360.
72
Calculate the highest common factor of 249630 and 1272.
318
What is the highest common factor of 51281 and 19?
19
Calculate the highest common divisor of 12508 and 19080.
212
Calculate the highest common divisor of 212 and 330084.
212
Calculate the greatest common factor of 66 and 409431.
33
What is the highest common divisor of 24 and 94672?
8
Calculate the highest common divisor of 66126 and 21.
3
What is the highest common divisor of 7 and 23975?
7
Calculate the greatest common factor of 36 and 465174.
18
What is the highest common divisor of 2151 and 109223?
239
What is the highest common divisor of 247 and 670662?
19
Calculate the highest common divisor of 22 and 374902.
22
What is the greatest common divisor of 269276 and 472?
236
Calculate the highest common factor of 41534 and 342.
38
Calculate the highest common divisor of 67886 and 52.
26
What is the highest common factor of 1925 and 434?
7
What is the highest common divisor of 836278 and 9766?
514
Calculate the highest common factor of 369212 and 1205.
241
Calculate the highest common divisor of 3468 and 12732.
12
Calculate the greatest common divisor of 9 and 1401.
3
What is the greatest common factor of 14439 and 3?
3
What is the greatest common divisor of 35 and 9361835?
35
What is the greatest common divisor of 8 and 85190?
2
What is the greatest common factor of 72 and 1572264?
72
Calculate the greatest common divisor of 12802 and 74.
74
What is the highest common factor of 6192 and 468?
36
Calculate the highest common factor of 32692 and 550.
22
Calculate the highest common factor of 6995925 and 1770.
885
What is the greatest common divisor of 803400 and 195?
195
Calculate the highest common factor of 430 and 121690.
430
Calculate the highest common factor of 1792 and 7936.
256
What is the greatest common divisor of 198815 and 85?
85
Calculate the greatest common divisor of 273 and 133861.
91
What is the greatest common factor of 40606 and 5056?
158
What is the highest common divisor of 11325 and 154200?
75
What is the highest common factor of 1091010 and 492?
246
What is the greatest common factor of 184 and 6162?
2
What is the highest common factor of 124 and 47492?
124
What is the highest common factor of 744 and 58280?
248
Calculate the highest common divisor of 61359 and 24069.
339
What is the greatest common divisor of 111168 and 180?
36
Calculate the highest common divisor of 486 and 378.
54
Calculate the greatest common divisor of 733 and 16.
1
Calculate the highest common divisor of 7935 and 15.
15
Calculate the greatest common factor of 292 and 1871063.
73
What is the greatest common divisor of 68912 and 2482?
146
What is the greatest common factor of 135527 and 133?
133
Calculate the highest common factor of 210 and 88935.
105
Calculate the highest common divisor of 129680 and 10.
10
What is the greatest common divisor of 562587 and 5817?
831
What is the highest common factor of 35216 and 3472?
496
What is the greatest common divisor of 1080 and 1030?
10
Calculate the greatest common factor of 2134 and 3686.
194
Calculate the highest common divisor of 870041 and 206.
103
What is the highest common factor of 2444687 and 21?
7
What is the highest common factor of 4797 and 64?
1
Calculate the greatest common divisor of 9850 and 1600.
50
What is the greatest common factor of 15 and 782715?
15
What is the greatest common divisor of 286 and 356246?
22
Calculate the highest common divisor of 80 and 352660.
20
What is the highest common factor of 81405 and 810?
405
Calculate the highest common factor of 176195 and 9170.
655
What is the highest common divisor of 60 and 25656?
12
Calculate the greatest common divisor of 296 and 3411844.
148
Calculate the greatest common divisor of 14 and 63.
7
Calculate the highest common factor of 2745